4 = 5*q + 11. Let v be r(q). What are the prime factors of (-7 + 6)*v*-4?
2
Suppose 5*k = 2*k - 24. Let w(c) = -57*c - 54. Let q be w(k). Suppose -4*g = -q - 370. List the prime factors of g.
193
Let j(q) = 26*q**2 - 7*q - 7. Let w be j(4). Suppose 5*b - 1174 - w = 5*h, 2*h = b - 308. What are the prime factors of b?
2, 157
Let a(y) = -346*y**3 - 2*y**2 + 3*y - 4. What are the prime factors of a(-2)?
2, 5, 11
Let c be (1 - 36/20)/((-3)/180). Let w = -33 + c. Suppose -4*b = o - w, -6*o + 5*o + 5*b - 3 = 0. List the prime factors of o.
7
List the prime factors of (-75)/150*(0 - (-2 - -46518)).
2, 29, 401
Let k be (34/5)/((-1)/5). Let z = -32 - k. Suppose 3*u + 5*o - 3 - 86 = 0, -56 = -z*u - 4*o. What are the prime factors of u?
2, 19
Let v(d) be the first derivative of -129*d**2/2 + 34*d + 100. What are the prime factors of v(-3)?
421
Suppose -2202 = -3*y + 2*n, 4*y + n - 734 = 3*y. Suppose -11*z + 707 = v - 7*z, 0 = v - 5*z - y. What are the prime factors of v?
719
Suppose -2*s = 3*d + 662, 2*d + 3*s - 424 = 4*d. Let m = 380 + d. What are the prime factors of m?
2, 3
Let f(v) = 38*v + 90. Let a be f(16). Suppose 5*c - a = 822. What are the prime factors of c?
2, 19
Let k be -1*(1 - 0) + (-99)/(-33). Suppose 2066 = 3*y - k*z, 0 = y - z - 571 - 117. What are the prime factors of y?
2, 3, 5, 23
Suppose b + 1478 = u + 5*b, -1 = -b. Let k = -857 + u. What are the prime factors of k?
617
Suppose -2*q + 90908 = -6*x, 4*q + 5*x = -4638 + 186386. What are the prime factors of q?
2, 22721
Suppose -9*a + 115 = -65. Let r(s) = s**3 - 18*s**2 - 22*s + 61. What are the prime factors of r(a)?
421
Let x(m) = m - 24. Let f be x(27). Let g be (-1)/f - (-21)/63. What are the prime factors of 0 - (g + -3) - 9*-10?
3, 31
Let a = -17057 - -34694. List the prime factors of a.
3, 5879
Let p(m) = -181*m + 50. Let a be p(-6). Suppose -3*d + a = 335. List the prime factors of d.
3, 89
Let s = 23048 - 15390. Suppose -5*t + s = 2*w, t - 1537 = -20*w + 25*w. What are the prime factors of t?
2, 383
Suppose -306*l + 319*l - 74113 = 0. What are the prime factors of l?
5701
Let p(b) = -b**3 - 8*b**2 - 83*b - 21. List the prime factors of p(-23).
11, 19, 47
What are the prime factors of -78*8/(-260)*(26579 - -1)?
2, 3, 443
Suppose 23*x + 12*x + 4483 - 22123 = 0. List the prime factors of x.
2, 3, 7
Suppose -200503 = -2*m - 51*m + 164879. List the prime factors of m.
2, 3, 383
Let p(r) be the first derivative of 2*r**3 - 3*r**2/2 + 83*r + 21. List the prime factors of p(9).
2, 271
Let f(d) = 2*d**2 - 40*d + 40. Let j be f(19). Suppose j*t + 46 = 262. List the prime factors of t.
2, 3
Let y(c) = 172*c**3 - 5*c**2 + 59*c - 3. List the prime factors of y(4).
11161
Suppose -5*s + 203 = -497. Suppose 5*p = 285 + s. What are the prime factors of p?
5, 17
Let u = 2970 - 840. List the prime factors of u.
2, 3, 5, 71
Let g(t) = -15*t**3 - 15*t**2 + 44. What are the prime factors of g(-15)?
2, 13, 17, 107
Let g(o) = -2*o + 182. Suppose 9*c + 3*u = 11*c + 100, c = -4*u - 28. List the prime factors of g(c).
2, 3, 5
Suppose 12924126 = 396*b - 5195646. List the prime factors of b.
45757
Suppose -480*o + 12 = -468*o. Let v = -29 + 21. What are the prime factors of 24/(3 - o)*(-54)/v?
3
Let v(y) = 15*y**2 - 129*y - 220. List the prime factors of v(-16).
2, 7, 29
Let g(o) = -o**2 + 8*o + 5. Let z be g(8). Suppose -2*v + 677 = z*m, v = m - 12 + 347. List the prime factors of v.
2, 3, 7
Let x(o) = 16*o - 29. Let s be 2/(-8) + (-10)/(-40). Suppose s = 13*n - 56 - 22. List the prime factors of x(n).
67
Let w be 10/(-8) - (-780)/240. Suppose w*b + 267 = 1879. List the prime factors of b.
2, 13, 31
Suppose -51*r - 11*r = -452352. List the prime factors of r.
2, 3, 19
What are the prime factors of ((-4045)/(-25))/(((-115)/(-1325))/23)?
53, 809
Suppose 22*o + 2*o = 24. Suppose 5 - o = z, 3*a + z = 1642. List the prime factors of a.
2, 3, 7, 13
Let u(k) = 2*k + 31. Let p be u(-13). Suppose 356 = -3*b + p*m + 1900, 0 = 2*b + m - 1038. What are the prime factors of b?
2, 7, 37
Let j be -2*(1 - (2 + -3)). Let c(i) = i**3 + 4*i**2 + i + 9. Let h be c(j). Let v(x) = x**3 - 4*x**2 - 3*x + 6. List the prime factors of v(h).
2
Suppose -3209 = -4*b + 2*y + 2335, 0 = -b + 2*y + 1383. What are the prime factors of b?
19, 73
Suppose 49 = 4*j + y, -7*y + 2*y = 2*j - 29. Suppose j = q + 16. What are the prime factors of -2 + 0 - 228/q?
5, 11
Let h(n) = -165*n**3 + n**2 - 29*n - 65. What are the prime factors of h(-3)?
2, 2243
Let p(k) = k**3 - 10*k**2. Let b be p(10). Suppose d - 1175 = -2*f - 4*d, b = -d - 3. List the prime factors of f.
5, 7, 17
Let y = -623 - -764. Let q be 1341/(-6)*(-2)/1. Suppose y - q = -6*z. What are the prime factors of z?
3, 17
Suppose c - 32 = -4*l, -4*l - 117 + 37 = -3*c. Suppose 4*f + 3*f = -c. What are the prime factors of (22 - (8 + f)) + 3?
3, 7
Let y(r) = 17*r**2 - 68*r + 2749. What are the prime factors of y(50)?
41849
Let b(x) be the first derivative of 32*x**3/3 + x**2/2 + 4. Let z(h) = -h**2 + 2*h + 4. Let i be z(3). What are the prime factors of b(i)?
3, 11
Let b(v) = -2*v**2 - 13*v + 24. Let a be b(-8). Suppose -10*r + 8*r + 808 = a. List the prime factors of r.
2, 101
What are the prime factors of 5220/(-87)*352/(-3)?
2, 5, 11
Let o(i) = 25*i + 21. Let b = 106 + -90. Let t be 4/b + 114/24. What are the prime factors of o(t)?
2, 73
Suppose -v - 11 = -i - 4, 5*v = -3*i - 51. Let m(f) = -22*f + 101. What are the prime factors of m(v)?
13, 23
Let f(v) be the third derivative of 1/60*v**5 + 8/3*v**3 + 1/24*v**4 + 0 + 0*v - v**2. List the prime factors of f(8).
2, 11
Let c be 18/27 - (-5)/((-15)/416). Let o be 1916/6 - 8/6. Let u = c + o. List the prime factors of u.
2, 3, 5
Let y = -53 + 52. What are the prime factors of y/((-44)/8) + (-51996)/(-66)?
2, 197
Let g = -62 + 65. Let s be (-20 + 10)*17/(-2). Suppose -j - g*u + s = -69, -j + 170 = -u. What are the prime factors of j?
2, 83
Let g(z) = -10 + 183*z**2 + 9 - 60*z**2 - 183*z**3 - 65*z**2 - 57*z**2. Let w(v) = -2*v**2 + 2*v - 1. Let d be w(1). List the prime factors of g(d).
3, 61
Let x(q) = 1019*q + 2731. What are the prime factors of x(27)?
2, 7561
Let y(g) = g - 3*g**3 + 2*g**2 + 4*g**3 + 13 - g**2 - 9. Let j be y(0). Suppose j*r - 16 = -v - 3, 0 = 3*v + 2*r - 69. What are the prime factors of v?
5
Let p = 20 - -29. Let k = 50 - p. What are the prime factors of ((-85)/(-45)*3)/(k/18)?
2, 3, 17
Let h(w) = 5*w**2 - 17 + w - 6*w + 2*w**2 + 6*w. Let g be h(4). Let m = -60 + g. What are the prime factors of m?
3, 13
Let d(v) = -2*v - 23. Suppose 3*b - 32 = -62. Let s be d(b). What are the prime factors of (s/(-2) + 0)*24?
2, 3
Suppose 790314 = -1112*u + 1133*u. List the prime factors of u.
2, 31, 607
Let r(g) be the third derivative of g**5/6 - 11*g**4/24 + 35*g**3/3 + 243*g**2. List the prime factors of r(13).
3, 7, 11
Suppose -77*s + 159*s = 1571120. List the prime factors of s.
2, 5, 479
Suppose 2*q + 2*x = 1196, 2*x - 2 = -6. Let o be (q/(-35))/((-2)/77). List the prime factors of (6*2/(-15))/((-8)/o).
2, 3, 11
Suppose 0 = 2*m - 2, -5*t - 2*m + 2425 + 149792 = 0. List the prime factors of t.
7, 4349
Let w = 639 + -489. Suppose -141*b - 6246 = -w*b. List the prime factors of b.
2, 347
Let k(x) = x**3 + 23*x**2 - 32*x + 91. List the prime factors of k(-18).
2287
Suppose 0 = -t - 15*i - 5*i + 63163, -3*t = 4*i - 189769. List the prime factors of t.
41, 1543
Suppose -x = -u - 1, -3*x - 31 = -4*u - 32. Suppose 7 = 3*s - 2. Suppose x*h - 267 = -3*b, 0 = -s*b - 5*h + 69 + 188. What are the prime factors of b?
2, 47
Let z = -10493 - -19590. List the prime factors of z.
11, 827
Suppose 22*o - 570 = 12*o. Suppose -o = 2*y - 31. Let x = y - -77. List the prime factors of x.
2
Let q = -1129 - -1648. Suppose 0 = -4*d - 79 + q. Let z = -46 + d. What are the prime factors of z?
2
Suppose -73*h = -82*h + 36. Suppose -4*z + 6*v + 4659 = 7*v, -h*z - 3*v + 4665 = 0. List the prime factors of z.
2, 3, 97
Let b(r) = -8*r + 252. Let q be b(33). Let p(i) = -95*i + 221. List the prime factors of p(q).
1361
Let r be ((-24)/16)/(-1 + (-514)/(-516)). Let a = 110 + r. What are the prime factors of a?
7, 71
Let c be (-3 - -1)/((-1)/1). Suppose 5*t = -10, -119 = -c*q + 5*t - 9. List the prime factors of q.
2, 5
Let w be (130/(-117))/(1/(-9)). Suppose 